{"id":155,"date":"2021-01-18T18:04:28","date_gmt":"2021-01-18T18:04:28","guid":{"rendered":"https:\/\/deena-unverzagt.de\/?page_id=155"},"modified":"2021-01-18T22:58:06","modified_gmt":"2021-01-18T22:58:06","slug":"credits","status":"publish","type":"page","link":"https:\/\/deena-unverzagt.de\/?page_id=155","title":{"rendered":"CREDITS"},"content":{"rendered":"\n<div class=\"is-layout-flex wp-container-4 wp-block-columns\">\n<div class=\"is-layout-flow wp-block-column\">\n<div class=\"wp-block-image\"><figure class=\"aligncenter size-large is-resized\"><a href=\"https:\/\/deena-unverzagt.de\/?page_id=164\"><img decoding=\"async\" loading=\"lazy\" src=\"https:\/\/deena-unverzagt.de\/wp-content\/uploads\/2021\/01\/IMG_4384-3-scaled.jpg\" alt=\"\" class=\"wp-image-159\" width=\"225\" height=\"150\" srcset=\"https:\/\/deena-unverzagt.de\/wp-content\/uploads\/2021\/01\/IMG_4384-3-scaled.jpg 2560w, https:\/\/deena-unverzagt.de\/wp-content\/uploads\/2021\/01\/IMG_4384-3-300x200.jpg 300w, https:\/\/deena-unverzagt.de\/wp-content\/uploads\/2021\/01\/IMG_4384-3-2048x1365.jpg 2048w\" sizes=\"(max-width: 225px) 100vw, 225px\" \/><\/a><figcaption>FILM | TV<\/figcaption><\/figure><\/div>\n\n\n\n<p>Deena\u00b4s Fokus liegt haupts\u00e4chlich auf Film und Fernsehen, sie kehrt aber immer wieder gerne auch auf die B\u00fchne zur\u00fcck. Au\u00dferdem wirkt sie bei Werbeproduktionen mit und leiht ihre Stimme diversen Figuren f\u00fcr Sprachaufnahmen und H\u00f6rspiele.<\/p>\n<\/div>\n\n\n\n<div class=\"is-layout-flow wp-block-column\">\n<div class=\"wp-block-image\"><figure class=\"aligncenter size-large is-resized\"><a href=\"https:\/\/deena-unverzagt.de\/?page_id=194\"><img decoding=\"async\" loading=\"lazy\" src=\"https:\/\/deena-unverzagt.de\/wp-content\/uploads\/2021\/01\/IMG_5161-scaled.jpg\" alt=\"\" class=\"wp-image-160\" width=\"228\" height=\"150\"\/><\/a><figcaption>COMMERCIAL | AUDIO<\/figcaption><\/figure><\/div>\n<\/div>\n\n\n\n<div class=\"is-layout-flow wp-block-column\">\n<div class=\"wp-block-image\"><figure class=\"aligncenter size-large is-resized\"><a href=\"https:\/\/deena-unverzagt.de\/?page_id=197\"><img decoding=\"async\" loading=\"lazy\" src=\"https:\/\/deena-unverzagt.de\/wp-content\/uploads\/2021\/01\/FB_20160405_15_05_28_Saved_Picture.jpg\" alt=\"\" class=\"wp-image-158\" width=\"231\" height=\"150\"\/><\/a><figcaption>STAGE | PRESENTING<\/figcaption><\/figure><\/div>\n\n\n\n<p>Deena&#8217;s focus is on TV and film, but she loves to return to the stage from time to time. You can also see her in commercials and she frequently lends her voice to characters for different voice over jobs.<\/p>\n<\/div>\n<\/div>\n","protected":false},"excerpt":{"rendered":"<p>Deena\u00b4s Fokus liegt haupts\u00e4chlich auf Film und Fernsehen, sie kehrt aber immer wieder gerne auch auf die B\u00fchne zur\u00fcck. Au\u00dferdem&hellip;<\/p>\n","protected":false},"author":1,"featured_media":0,"parent":0,"menu_order":0,"comment_status":"closed","ping_status":"closed","template":"","meta":[],"_links":{"self":[{"href":"https:\/\/deena-unverzagt.de\/index.php?rest_route=\/wp\/v2\/pages\/155"}],"collection":[{"href":"https:\/\/deena-unverzagt.de\/index.php?rest_route=\/wp\/v2\/pages"}],"about":[{"href":"https:\/\/deena-unverzagt.de\/index.php?rest_route=\/wp\/v2\/types\/page"}],"author":[{"embeddable":true,"href":"https:\/\/deena-unverzagt.de\/index.php?rest_route=\/wp\/v2\/users\/1"}],"replies":[{"embeddable":true,"href":"https:\/\/deena-unverzagt.de\/index.php?rest_route=%2Fwp%2Fv2%2Fcomments&post=155"}],"version-history":[{"count":8,"href":"https:\/\/deena-unverzagt.de\/index.php?rest_route=\/wp\/v2\/pages\/155\/revisions"}],"predecessor-version":[{"id":345,"href":"https:\/\/deena-unverzagt.de\/index.php?rest_route=\/wp\/v2\/pages\/155\/revisions\/345"}],"wp:attachment":[{"href":"https:\/\/deena-unverzagt.de\/index.php?rest_route=%2Fwp%2Fv2%2Fmedia&parent=155"}],"curies":[{"name":"wp","href":"https:\/\/api.w.org\/{rel}","templated":true}]}}